divisor of h and z?
8
Let v = 262 - 398. Let i = v - -184. Calculate the highest common factor of i and 108.
12
Suppose 0*t - 2*t + 4160 = 4*s, 0 = 3*t - 3*s - 6222. Suppose 1592 = 14*h - t. Let i = -172 + h. Calculate the highest common factor of 9 and i.
9
Let c = -32 - -32. Suppose c = 13*x - 15 - 37. Calculate the highest common divisor of 148 and x.
4
Let f be -5 + ((-15402)/(-5) - 30/75). Calculate the greatest common divisor of 375 and f.
75
Let i be 1/(-6) - (77912/(-48) - 11). Calculate the greatest common divisor of 86 and i.
86
Suppose -3*z = -3*s + 1518, -s - 26*z = -21*z - 554. What is the greatest common factor of s and 4?
2
Suppose 0 = 2*z + 2 - 30. Suppose z*j - 394 = -2. Calculate the greatest common factor of 224 and j.
28
Let b = 3345 - -3077. Suppose 0 = -18*l - l + b. Calculate the highest common factor of l and 26.
26
Let j(l) = l**3 - 5*l**2. Let f be j(3). Let c = f + 20. Suppose 3*p + 9 = c*t, t - 9*p - 2 = -10*p. What is the highest common factor of 33 and t?
3
Let j = -99 - -102. Suppose -z + 0*z - 3*p + 13 = 0, 0 = -j*z + 4*p + 78. Let d = 4 - -7. Calculate the highest common factor of z and d.
11
Let u be (-3)/2*(-2992)/66. Suppose j = -0*j + 3*w + u, 2*j = -w + 164. Calculate the highest common factor of 10 and j.
10
Suppose -65*y = -66*y + 5. Suppose y*d - 294 = 3*x, 4*d - 9*d - 5*x + 270 = 0. What is the highest common divisor of d and 3?
3
Let i(t) = -2*t**3 + 14*t**2 - t + 12. Let s be i(7). Suppose s*h = 2*o - 168, -o + 84 = 4*h - 2*h. Calculate the highest common divisor of o and 21.
21
Let h(f) = -3*f + 24. Let t be h(7). Suppose 0 = -4*c - 5*b + 4, 0 = -4*c - t*b + 6*b + 36. Calculate the highest common factor of c and 27.
3
Let x = 18704 + -8526. What is the highest common factor of 14 and x?
14
Suppose 12231*v - 4736 = 12194*v. What is the greatest common divisor of 80 and v?
16
Suppose i + m - 97 = 283, -4*i - 2*m + 1514 = 0. Let k = -831547 - -831560. What is the greatest common factor of i and k?
13
Suppose 0*z = 3*x - 4*z - 48, -z = 0. Suppose 3*j + j = x. What is the greatest common divisor of 128 and j?
4
Let r be (-4 - 22/(-4))*(-3 - (-1096)/24). Suppose 0 = -2*n + 10 + 6. What is the greatest common factor of r and n?
8
Let p(f) = 2*f**2 + 30*f - 8. Let i be p(-23). Suppose -4*c + 4*t + 849 = t, -5*c + 1105 = 5*t. What is the highest common divisor of c and i?
72
Suppose -512 = -40*k + 24*k. Suppose -150 = k*c - 37*c. What is the greatest common factor of 2 and c?
2
Suppose -9*i + 264187 = 12*i + 26*i. Calculate the highest common factor of i and 77.
77
Suppose -4*o - 5 = x, -5*x - 5*o = -7 + 2. Suppose x = 12*s - 11*s. Let t = 10 - 7. Calculate the highest common factor of s and t.
3
Let b be 78/45*(-3015)/(-402). What is the highest common divisor of b and 9?
1
Suppose -4*q - 596 = -20. Let s be ((-15)/45)/(1/q). What is the highest common divisor of s and 180?
12
Suppose 6*q - 96 - 6 = 0. Let r be (q/(-7) - -1)*-14. Let s = 0 + r. Calculate the highest common divisor of 5 and s.
5
Let c(i) = -8*i**2 - 539*i - 183. Let q be c(-67). Calculate the greatest common factor of q and 963.
9
Let y(r) = r + 1. Let x be y(6). Let j(u) = 98 - 52 - 3*u - 36. Let p be j(-6). What is the greatest common divisor of p and x?
7
Let j be (-6)/(-15) - (-226)/10. Suppose -1244 + 4970 = -6*t. Let r be 2/2*(-1)/(3/t). Calculate the greatest common divisor of j and r.
23
Suppose 0*y - 3*y = -114. Let x(k) = -56*k + 3. Let j be x(-11). Let v = -467 + j. What is the greatest common divisor of v and y?
38
Let r(g) = -83*g + 688. Let i be r(2). Calculate the greatest common divisor of i and 116.
58
Suppose -2*a = 3*v + 937 + 246, a + 578 = 3*v. Let q = a + 622. Calculate the greatest common factor of 40 and q.
5
Suppose -101*q + 3265 + 2506 = -4733. What is the highest common divisor of q and 8138?
26
Let a = -16 + 22. Suppose 4*v + 5*y = 36, -8*y + 4*y = -16. Let g be -3 - ((-459)/18)/(2/v). What is the highest common factor of g and a?
6
Suppose -647 = -2*q + 3*t, -t = -22*q + 19*q + 953. What is the greatest common factor of 12 and q?
4
Suppose 2*g - 1 - 5 = 0, -2*o - 4*g = -18. Suppose -27 = -o*w + 5*c, -1 = -c - 4. Suppose -3*a - 72 = -5*a. Calculate the highest common factor of w and a.
4
Let k = 76 - 80. Let z be (k/2)/((-13)/(-26)). Let x be (1 + z)*-4*(-1 - -2). What is the highest common divisor of 96 and x?
12
Suppose -4*m - 4*w + 28 = 0, -4*m = 11*w - 13*w + 2. What is the highest common factor of m and 900?
2
Let q be (-74)/(-1) + (-21)/(-7). Suppose 1386 = 45*p + 18*p. Calculate the greatest common factor of p and q.
11
Let c = 56 + -63. Let q be (1 - -141) + 10 + c. Calculate the greatest common factor of q and 5.
5
Let v(t) = -453*t**2 + 5*t + 5. Let j(k) = -227*k**2 + 2*k + 2. Let x(s) = -7*j(s) + 3*v(s). Let h be x(1). What is the highest common divisor of 58 and h?
58
Let m(j) = j**3 - 18*j**2 + 78*j - 165. Let k be m(13). Calculate the greatest common divisor of 478 and k.
2
Let n = 295 + -291. Suppose 0 = -n*s + 3*j + 858, s = 4*s - 4*j - 640. What is the greatest common divisor of s and 27?
27
Let p = 1515 - 1299. What is the highest common divisor of p and 744?
24
Let u(g) = g**2 + g - 16. Let y be u(4). Suppose -4*o = k - 2*k - 9, 4*o - 4 = -y*k. Let n be -3 + 1/o*36. What is the highest common factor of n and 60?
15
Let n be -1 + (0 + -23 - -28). What is the highest common factor of 50 and n?
2
Let a be 35 + 3 + (-4)/(-2). Suppose -3*o + 84 = 25*o. Suppose o*h - 87 = -27. What is the highest common divisor of a and h?
20
Let s(a) be the first derivative of 56*a**3/3 + 9*a**2/2 + 27*a - 88. Let m be s(-3). Calculate the highest common factor of m and 12.
12
Let c be (-3668)/393*6/(-7). Calculate the highest common divisor of c and 3704.
8
Let w be (2 - 4)/(-8) + (-10710)/24. Let a = 455 + w. Calculate the highest common factor of 135 and a.
9
Let r be (4 + -3)*-61*1. Let w = r + 86. Let a(i) = -i**2 - 27*i - 155. Let s be a(-12). Calculate the highest common divisor of w and s.
25
Let l(n) = -210*n - 64. Let f be l(-4). What is the greatest common divisor of 32 and f?
8
Suppose q - 1683 = 1327. Suppose 70 = 5*b - q. Let x(m) = 2*m**3 - 72*m**2 + 71*m + 21. Let l be x(35). Calculate the greatest common divisor of b and l.
56
Let o(d) = -d**3 - 4*d**2 + 8*d + 2. Let w be o(-6). Suppose -2*g + 0*g + 88 = 0. Let j = 21 + g. What is the greatest common divisor of w and j?
13
Suppose -5 - 13 = -3*a. Suppose -a*g + 67 - 19 = 0. What is the highest common factor of 22 and g?
2
Let y be 69021/252 - (-15)/12 - (-1)/(-7). Let s be -1 - (14 - 2)*-1. What is the greatest common divisor of s and y?
11
Let y(f) = 2*f**2 - 12*f - 6. Let o be y(6). Let l be (-2)/o - 116/6. Let z = -13 - l. Calculate the greatest common divisor of 30 and z.
6
Suppose -8*m + 26 = -22. Let q be (64/10 - m)/(3/270). Calculate the highest common divisor of q and 27.
9
Let d(j) = j**3 + 37*j**2 + 8*j + 819. Let f be d(-36). What is the highest common factor of f and 2268?
63
Let b = 64716 + -35610. What is the highest common divisor of b and 42?
42
Let j(y) = 15*y + 420. Let s be j(-25). Calculate the greatest common factor of 18 and s.
9
Suppose 0 = 4*x - 5853 + 105. Suppose 9*g = -x + 7107. Calculate the greatest common factor of g and 9.
9
Suppose -1852*x + 35 = -1845*x. Suppose -x*m - 670 = -5*a, -9*m = -12*m + 6. What is the greatest common divisor of a and 51?
17
Let c be (0 - 2)*4/2. Let j = c - -7. Let f(a) = 22*a + 11. Let i be f(j). What is the highest common factor of 7 and i?
7
Let x(a) = -16*a + 154. Let w be x(-16). Let h = 427 - w. Suppose -b - 9 = -43. Calculate the highest common factor of b and h.
17
Let d(j) = -118*j + 4792. Let k be d(40). Suppose 23 = 2*u - 85. What is the highest common divisor of k and u?
18
Suppose -19*l + 6076 = 198*l. What is the highest common divisor of l and 14644?
28
Suppose -15*n = -22*n + 462. Suppose 102*w + n = 103*w. What is the greatest common divisor of w and 1122?
66
Let p(z) = -20*z + 1120. Let t be p(26). Calculate the highest common divisor of 190 and t.
10
Let o be 18/(-168)*-203 + (-3)/4. Calculate the greatest common divisor of o and 1239.
21
Suppose 6*x - 1052 = -194. Suppose 23*d = 12*d + x. Calculate the highest common factor of d and 26.
13
Suppose 0 = 3*b - 8*b + 180